What is the greatest common divisor of 3760 and 706175000?
1880
Calculate the highest common divisor of 53862 and 43930.
382
What is the greatest common factor of 1132 and 23294579?
283
Calculate the highest common divisor of 5784 and 5447082.
1446
What is the greatest common divisor of 66133531 and 926?
463
What is the highest common factor of 11223774 and 153?
153
What is the highest common divisor of 227064088 and 104472?
11608
What is the highest common factor of 91 and 1667939?
91
Calculate the greatest common factor of 112630 and 1010.
10
Calculate the greatest common divisor of 480 and 566048.
32
Calculate the highest common factor of 800 and 11458600.
200
What is the highest common divisor of 285 and 14506557?
57
Calculate the greatest common factor of 2093589 and 999.
9
Calculate the greatest common divisor of 5466557 and 1946368.
7603
Calculate the greatest common factor of 36281232 and 3744.
1872
Calculate the highest common divisor of 292089961 and 4463.
4463
Calculate the highest common divisor of 494716 and 38168.
1468
What is the greatest common divisor of 24 and 48270?
6
What is the highest common factor of 6160970 and 80?
10
What is the greatest common factor of 159 and 91791601?
53
What is the greatest common factor of 9435 and 3082803?
111
What is the highest common divisor of 33 and 157796881?
11
Calculate the greatest common divisor of 160450 and 17350.
50
Calculate the greatest common factor of 156 and 208175556.
12
What is the highest common factor of 176107 and 2867?
61
Calculate the greatest common divisor of 2574 and 14834490.
66
Calculate the greatest common factor of 779993388 and 141.
141
Calculate the highest common factor of 9080 and 553340.
20
What is the greatest common factor of 2886 and 3721571?
37
Calculate the greatest common divisor of 24003 and 89797001.
889
Calculate the highest common factor of 3013 and 34837092.
131
What is the highest common divisor of 2185 and 3239090?
115
Calculate the greatest common factor of 12117812 and 476651.
3199
Calculate the greatest common factor of 57448464 and 264.
24
Calculate the highest common divisor of 9232 and 6009712.
16
Calculate the greatest common divisor of 258892594 and 19.
19
Calculate the greatest common divisor of 9947 and 48894.
29
What is the greatest common factor of 3848 and 48250553?
481
Calculate the highest common factor of 120248880 and 240.
240
Calculate the highest common factor of 42 and 17252186.
14
What is the highest common factor of 4835112 and 464?
232
Calculate the highest common divisor of 228046 and 196196.
1274
What is the greatest common divisor of 244057185 and 646?
323
Calculate the greatest common factor of 1225673 and 82289.
4331
Calculate the highest common factor of 9334053 and 774.
387
What is the greatest common factor of 2750540 and 5785?
65
Calculate the greatest common divisor of 931 and 139454.
49
What is the greatest common divisor of 11352330 and 9?
9
What is the highest common factor of 49468 and 2495452?
596
Calculate the highest common factor of 2 and 79898614.
2
What is the greatest common divisor of 10544661 and 1944?
81
Calculate the greatest common factor of 4400 and 293325.
25
Calculate the highest common factor of 10035124 and 1572.
524
Calculate the highest common factor of 682385 and 7999.
19
What is the highest common factor of 54 and 2166806646?
54
What is the greatest common factor of 259763 and 62027?
7
What is the highest common factor of 1768746 and 5934?
138
What is the highest common factor of 1425 and 386985?
15
Calculate the greatest common divisor of 2112 and 31368.
24
Calculate the greatest common divisor of 397 and 26440597.
397
Calculate the greatest common divisor of 8003983 and 65.
13
What is the highest common factor of 4848 and 1597719?
303
Calculate the greatest common divisor of 3787 and 126931.
7
Calculate the highest common factor of 410914350 and 1005.
1005
What is the greatest common factor of 10 and 1599998?
2
Calculate the highest common divisor of 154 and 11922988.
154
Calculate the highest common factor of 297445 and 11182165.
2945
Calculate the highest common divisor of 60 and 52940.
20
What is the highest common divisor of 12026265 and 642?
321
What is the highest common divisor of 180057204 and 20610?
4122
Calculate the greatest common factor of 1355616 and 384.
96
Calculate the highest common divisor of 72350775 and 710.
355
Calculate the greatest common factor of 3778344 and 12416.
776
Calculate the highest common divisor of 8559 and 40149.
27
Calculate the greatest common divisor of 20719424 and 152.
152
What is the highest common divisor of 60659736 and 216?
24
What is the highest common factor of 261020 and 38235220?
8420
What is the greatest common divisor of 2 and 99119243?
1
What is the greatest common divisor of 935728806 and 5682?
5682
Calculate the highest common divisor of 84 and 6851892.
12
Calculate the greatest common divisor of 362 and 146436.
2
What is the highest common divisor of 1292682 and 48?
6
What is the highest common factor of 83104856 and 8?
8
What is the greatest common divisor of 111568 and 745343970?
13946
Calculate the highest common factor of 48 and 12258408.
24
Calculate the highest common divisor of 1410920 and 42000.
280
Calculate the highest common divisor of 22 and 1004564.
22
What is the highest common factor of 2304600 and 1587?
69
Calculate the greatest common divisor of 314864 and 3616.
16
Calculate the highest common divisor of 2733210 and 25440.
1590
What is the greatest common factor of 21583588 and 13?
13
What is the greatest common factor of 88722 and 1520586?
54
Calculate the highest common factor of 5676114 and 426.
6
What is the greatest common divisor of 105 and 87321444?
21
Calculate the highest common factor of 5001 and 306758006.
1667
What is the highest common divisor of 888014057 and 1141?
1141
Calculate the highest common factor of 1665 and 8998485.
15
What is the highest common divisor of 593578388 and 2392?
1196
What is the greatest common divisor of 1601316 and 72?
36
Calculate the greatest common divisor of 247 and 2261437.
19
What is the highest common divisor of 3045912585 and 7723?
7723
Calculate the highest common factor of 1161 and 3864861.
27
Calculate the highest common factor of 59190 and 4441223.
1973
What is the greatest common divisor of 69394 and 6123?
2041
What is the greatest common divisor of 10638 and 2214?
54
What is the greatest common divisor of 217858575 and 825?
825
Calculate the highest common divisor of 32433612 and 1020.
12
What is the highest common divisor of 28001791 and 1544?
193
What is the highest common factor of 16 and 690596?
4
What is the greatest common divisor of 10888191 and 6963939?
16083
Calculate the greatest common divisor of 42980403 and 17.
17
Calculate the greatest common factor of 865 and 21278135.
865
Calculate the highest common factor of 11330 and 172238.
22
What is the greatest common factor of 11155 and 59152734?
2231
Calculate the greatest common factor of 273618 and 177174.
54
Calculate the highest common divisor of 34506 and 1457772.
426
What is the highest common divisor of 552 and 6789264?
24
What is the highest common factor of 20721762 and 36?
18
Calculate the highest common factor of 7476 and 768256188.
7476
What is the greatest common divisor of 1176 and 13691874?
294
Calculate the greatest common factor of 401094058 and 6758.
6758
What is the greatest common divisor of 39 and 598971?
3
What is the greatest common factor of 22860 and 1145160?
180
What is the highest common factor of 1758 and 81458981?
293
What is the highest common divisor of 4146707 and 23791?
643
Calculate the highest common divisor of 75982669 and 2599.
113
Calculate the highest common factor of 1654 and 1648275506.
1654
What is the greatest common factor of 940 and 22437520?
20
Calculate the highest common divisor of 4046 and 25046.
14
What is the highest common divisor of 274778 and 2394?
266
Calculate the highest common divisor of 67587 and 1641.
3
What is the highest common divisor of 1894140 and 30960?
180
What is the greatest common factor of 32 and 1265924?
4
Calculate the highest common divisor of 927590 and 1455913.
4033
What is the greatest common divisor of 6465128 and 142896?
1